	{"id":6276,"date":"2021-04-20T18:36:40","date_gmt":"2021-04-20T11:36:40","guid":{"rendered":"https:\/\/science-technology.vn\/?page_id=6276"},"modified":"2021-04-22T22:54:32","modified_gmt":"2021-04-22T15:54:32","slug":"chinh-sach-rieng-tu","status":"publish","type":"page","link":"https:\/\/science-technology.vn\/?page_id=6276","title":{"rendered":"Ch\u00ednh s\u00e1ch ri\u00eang t\u01b0"},"content":{"rendered":"\n<h2 class=\"wp-block-heading\" style=\"font-size:22px\">Ch\u00fang t\u00f4i l\u00e0 ai<\/h2>\n\n\n\n<p class=\"has-normal-font-size\">Ch\u00fang t\u00f4i l\u00e0 nh\u1eefng ng\u01b0\u1eddi quan t\u00e2m t\u1edbi vi\u1ec7c ph\u1ed5 bi\u1ebfn c\u00e1c tri th\u1ee9c m\u1edbi v\u1ec1 khoa h\u1ecdc c\u00f4ng ngh\u1ec7 tr\u00ean th\u1ebf gi\u1edbi. \u0110\u1ecba ch\u1ec9 website c\u1ee7a ch\u00fang t\u00f4i l\u00e0: https:\/\/science-technology.vn.<\/p>\n\n\n\n<h2 class=\"wp-block-heading\" style=\"font-size:22px\">Ch\u00fa th\u00edch<\/h2>\n\n\n\n<p class=\"has-normal-font-size\">Khi kh\u00e1ch t\u1edbi th\u0103m website \u0111\u1ec3 l\u1ea1i b\u00ecnh lu\u1eadn tr\u00ean tr\u1ea1m n\u00e0y, ch\u00fang t\u00f4i thu th\u1eadp d\u1eef li\u1ec7u ch\u1ec9 ra trong m\u1eabu b\u00ecnh lu\u1eadn, v\u00e0 c\u0169ng c\u00f3 c\u1ea3 \u0111\u1ecba ch\u1ec9 IP v\u00e0 x\u00e2u t\u00e1c nh\u00e2n ng\u01b0\u1eddi d\u00f9ng tr\u00ecnh duy\u1ec7t \u0111\u1ec3 gi\u00fap ph\u00e1t hi\u1ec7n tin r\u00e1c.<\/p>\n\n\n\n<p class=\"has-normal-font-size\">M\u1ed9t x\u00e2u gi\u1ea5u t\u00ean \u0111\u01b0\u1ee3c t\u1ea1o ra t\u1eeb \u0111\u1ecba ch\u1ec9 email c\u1ee7a b\u1ea1n(c\u0169ng \u0111\u01b0\u1ee3c g\u1ecdi l\u00e0 b\u0103m) c\u00f3 th\u1ec3 \u0111\u01b0\u1ee3c cung c\u1ea5p cho d\u1ecbch v\u1ee5 Gravatar \u0111\u1ec3 xem li\u1ec7u b\u1ea1n c\u00f3 \u0111ang d\u00f9ng n\u00f3 kh\u00f4ng. Ch\u00ednh s\u00e1ch ri\u00eang t\u01b0 c\u1ee7a d\u1ecbch v\u1ee5 Gravatar l\u00e0 s\u1eb5n c\u00f3 t\u1ea1i \u0111\u00e2y: https:\/\/automattic.com\/privacy\/. Sau khi ch\u1ea5p thu\u1eadn b\u00ecnh lu\u1eadn c\u1ee7a b\u1ea1n, \u1ea3nh h\u1ed3 s\u01a1 c\u1ee7a b\u1ea1n l\u00e0 th\u1ea5y \u0111\u01b0\u1ee3c cho c\u00f4ng ch\u00fang trong ng\u1eef c\u1ea3nh b\u00ecnh lu\u1eadn c\u1ee7a b\u1ea1n.<\/p>\n\n\n\n<h2 class=\"wp-block-heading\" style=\"font-size:22px\">Ph\u01b0\u01a1ng ti\u1ec7n<\/h2>\n\n\n\n<p class=\"has-normal-font-size\">N\u1ebfu b\u1ea1n t\u1ea3i l\u00ean c\u00e1c \u1ea3nh cho website, b\u1ea1n n\u00ean tr\u00e1nh t\u1ea3i c\u00e1c \u1ea3nh c\u00f3 nh\u00fang d\u1eef li\u1ec7u v\u1ecb tr\u00ed k\u1ec3 c\u1ea3 (EXIF GPS). Kh\u00e1ch th\u0103m website n\u00e0y c\u00f3 th\u1ec3 t\u1ea3i xu\u1ed1ng v\u00e0 tr\u00edch ra b\u1ea5t k\u00ec d\u1eef li\u1ec7u v\u1ecb tr\u00ed n\u00e0o t\u1eeb c\u00e1c \u1ea3nh tr\u00ean website.<\/p>\n\n\n\n<h2 class=\"wp-block-heading\" style=\"font-size:22px\">Cookies<\/h2>\n\n\n\n<p class=\"has-normal-font-size\">N\u1ebfu b\u1ea1n \u0111\u1ec3 l\u1ea1i l\u1eddi b\u00ecnh lu\u1eadn tr\u00ean tr\u1ea1m c\u1ee7a ch\u00fang t\u00f4i b\u1ea1n c\u00f3 th\u1ec3 ch\u1ecdn l\u01b0u t\u00ean, \u0111\u1ecba ch\u1ec9 email v\u00e0 website c\u1ee7a b\u1ea1n trong c\u00e1c cookies. Nh\u1eefng \u0111i\u1ec1u n\u00e0y l\u00e0 \u0111\u1ec3 thu\u1eadn ti\u1ec7n cho b\u1ea1n \u0111\u1ec3 cho b\u1ea1n kh\u00f4ng ph\u1ea3i g\u00f5 l\u1ea1i c\u00e1c chi ti\u1ebft c\u1ee7a b\u1ea1n khi b\u1ea1n \u0111\u1ec3 l\u1ea1i b\u00ecnh lu\u1eadn kh\u00e1c. Nh\u1eefng cookies n\u00e0y s\u1ebd k\u00e9o d\u00e0i trong m\u1ed9t n\u0103m.<\/p>\n\n\n\n<p class=\"has-normal-font-size\">N\u1ebfu b\u1ea1n v\u00e0o th\u0103m trang \u0111\u0103ng nh\u1eadp c\u1ee7a ch\u00fang t\u00f4i, ch\u00fang t\u00f4i s\u1ebd \u0111\u1eb7t m\u1ed9t cookie t\u1ea1m th\u1eddi \u0111\u1ec3 x\u00e1c \u0111\u1ecbnh xem li\u1ec7u tr\u00ecnh duy\u1ec7t c\u1ee7a b\u1ea1n c\u00f3 ch\u1ea5p nh\u1eadn cookie kh\u00f4ng. Cookie n\u00e0y kh\u00f4ng ch\u1ee9a d\u1eef li\u1ec7u c\u00e1 nh\u00e2n v\u00e0 b\u1ecb b\u1ecf \u0111i khi b\u1ea1n \u0111\u00f3ng tr\u00ecnh duy\u1ec7t c\u1ee7a b\u1ea1n.<\/p>\n\n\n\n<p class=\"has-normal-font-size\">Khi b\u1ea1n \u0111\u0103ng nh\u1eadp, ch\u00fang t\u00f4i c\u0169ng s\u1ebd thi\u1ebft l\u1eadp nhi\u1ec1u cookie \u0111\u1ec3 l\u01b0u th\u00f4ng tin \u0111\u0103ng nh\u1eadp c\u1ee7a b\u1ea1n v\u00e0 c\u00e1c ch\u1ecdn l\u1ef1a hi\u1ec3n th\u1ecb m\u00e0n h\u00ecnh c\u1ee7a b\u1ea1n. Cookie \u0111\u0103ng nh\u1eadp k\u00e9o d\u00e0i hai ng\u00e0y, v\u00e0 cookie tu\u1ef3 ch\u1ecdn m\u00e0n h\u00ecnh k\u00e9o d\u00e0i trong m\u1ed9t n\u0103m. N\u1ebfu b\u1ea1n ch\u1ecdn &#8220;Remember Me&#8221;, \u0111\u0103ng nh\u1eadp c\u1ee7a b\u1ea1n s\u1ebd k\u00e9o d\u00e0i trong hai tu\u1ea7n. N\u1ebfu b\u1ea1n \u0111\u0103ng xu\u1ea5t kh\u1ecfi t\u00e0i kho\u1ea3n c\u1ee7a b\u1ea1n, cookie \u0111\u0103ng nh\u1eadp s\u1ebd b\u1ecb b\u1ecf \u0111i.<\/p>\n\n\n\n<p class=\"has-normal-font-size\">N\u1ebfu b\u1ea1n s\u1eeda \u0111\u1ed5i hay \u0111\u0103ng m\u1ed9t b\u00e0i vi\u1ebft, m\u1ed9t cookie ph\u1ee5 s\u1ebd \u0111\u01b0\u1ee3c l\u01b0u trong tr\u00ecnh duy\u1ec7t c\u1ee7a b\u1ea1n. Cookie n\u00e0y kh\u00f4ng ch\u1ee9a d\u1eef li\u1ec7u c\u00e1 nh\u00e2n v\u00e0 \u0111\u01a1n gi\u1ea3n ch\u1ec9 ra s\u1ed1 hi\u1ec7u b\u00e0i \u0111\u0103ng ID c\u1ee7a b\u00e0i vi\u1ebft m\u00e0 b\u1ea1n v\u1eeba s\u1eeda \u0111\u1ed5i. N\u00f3 h\u1ebft h\u1ea1n sau 1 ng\u00e0y.<\/p>\n\n\n\n<h2 class=\"wp-block-heading\" style=\"font-size:22px\">N\u1ed9i dung \u0111\u01b0\u1ee3c nh\u00fang t\u1eeb c\u00e1c website kh\u00e1c<\/h2>\n\n\n\n<p class=\"has-normal-font-size\">C\u00e1c b\u00e0i vi\u1ebft tr\u00ean tr\u1ea1m n\u00e0y c\u00f3 th\u1ec3 bao g\u1ed3m n\u1ed9i dung \u0111\u01b0\u1ee3c nh\u00fang (nh\u01b0 video, \u1ea3nh, b\u00e0i vi\u1ebft, v.v.). N\u1ed9i dung \u0111\u01b0\u1ee3c nh\u00fang t\u1eeb c\u00e1c website kh\u00e1c c\u00f3 t\u01b0 c\u00e1ch theo \u0111\u00edch x\u00e1c c\u00f9ng c\u00e1ch n\u1ebfu kh\u00e1ch th\u0103m \u0111\u00e3 t\u1edbi th\u0103m website kia.<\/p>\n\n\n\n<p class=\"has-normal-font-size\">Nh\u1eefng website n\u00e0y c\u00f3 th\u1ec3 thu th\u1eadp d\u1eef li\u1ec7u v\u1ec1 b\u1ea1n, d\u00f9ng c\u00e1c cookies, vi\u1ec7c d\u00f5i v\u1ebft c\u1ee7a b\u00ean th\u1ee9 ba \u0111\u01b0\u1ee3c nh\u00fang th\u00eam v\u00e0o, v\u00e0 gi\u00e1m s\u00e1t t\u01b0\u01a1ng t\u00e1c c\u1ee7a b\u1ea1n v\u1edbi n\u1ed9i dung \u0111\u01b0\u1ee3c nh\u00fang n\u1ebfu b\u1ea1n c\u00f3 t\u00e0i kho\u1ea3n v\u00e0 \u0111\u01b0\u1ee3c \u0111\u0103ng nh\u1eadp v\u00e0o website \u0111\u00f3.<\/p>\n\n\n\n<h2 class=\"wp-block-heading\" style=\"font-size:22px\">Ch\u00fang t\u00f4i chia s\u1ebb d\u1eef li\u1ec7u c\u1ee7a b\u1ea1n v\u1edbi ai<\/h2>\n\n\n\n<p class=\"has-normal-font-size\">N\u1ebfu b\u1ea1n y\u00eau c\u1ea7u \u0111\u1eb7t l\u1ea1i m\u1eadt kh\u1ea9u, \u0111\u1ecba ch\u1ec9 IP c\u1ee7a b\u1ea1n s\u1ebd \u0111\u01b0\u1ee3c l\u01b0u trong email \u0111\u1eb7t l\u1ea1i.<\/p>\n\n\n\n<h2 class=\"wp-block-heading\" style=\"font-size:22px\">Ch\u00fang t\u00f4i gi\u1eef d\u1eef li\u1ec7u c\u1ee7a b\u1ea1n bao l\u00e2u<\/h2>\n\n\n\n<p class=\"has-normal-font-size\">N\u1ebfu b\u1ea1n \u0111\u1ec3 l\u1ea1i b\u00ecnh lu\u1eadn, b\u00ecnh lu\u1eadn n\u00e0y v\u00e0 si\u00eau d\u1eef li\u1ec7u c\u1ee7a n\u00f3 \u0111\u01b0\u1ee3c duy tr\u00ec kh\u00f4ng h\u1ea1n \u0111\u1ecbnh. \u0110i\u1ec1u n\u00e0y l\u00e0 \u0111\u1ec3 cho ch\u00fang t\u00f4i c\u00f3 th\u1ec3 nh\u1eadn ra v\u00e0 ch\u1ea5p nh\u1eadn b\u1ea5t k\u00ec nh\u1eefng b\u00ecnh lu\u1eadn theo sau m\u1ed9t c\u00e1ch t\u1ef1 \u0111\u1ed9ng thay v\u00ec gi\u1eef ch\u00fang trong h\u00e0ng \u0111\u1ee3i \u0111i\u1ec1u \u0111\u1ed9.<\/p>\n\n\n\n<p class=\"has-normal-font-size\">V\u1edbi nh\u1eefng ng\u01b0\u1eddi d\u00f9ng \u0111\u0103ng k\u00ed tr\u00ean website c\u1ee7a ch\u00fang t\u00f4i (n\u1ebfu c\u00f3), ch\u00fang t\u00f4i c\u0169ng l\u01b0u l\u1ea1i th\u00f4ng tin c\u00e1 nh\u00e2n h\u1ecd cung c\u1ea5p trong h\u1ed3 s\u01a1 ng\u01b0\u1eddi d\u00f9ng c\u1ee7a h\u1ecd. M\u1ecdi ng\u01b0\u1eddi d\u00f9ng c\u00f3 th\u1ec3 xem, s\u1eeda, hay xo\u00e1 th\u00f4ng tin c\u00e1 nh\u00e2n c\u1ee7a h\u1ecd v\u00e0o b\u1ea5t k\u00ec l\u00fac n\u00e0o (ngo\u1ea1i tr\u1eeb h\u1ecd kh\u00f4ng th\u1ec3 thay \u0111\u1ed5i \u0111\u01b0\u1ee3c t\u00ean ng\u01b0\u1eddi d\u00f9ng c\u1ee7a h\u1ecd). Ng\u01b0\u1eddi qu\u1ea3n tr\u1ecb website c\u0169ng c\u00f3 th\u1ec3 xem v\u00e0 s\u1eeda th\u00f4ng tin \u0111\u00f3.<\/p>\n\n\n\n<h2 class=\"wp-block-heading\" style=\"font-size:22px\">B\u1ea1n c\u00f3 quy\u1ec1n g\u00ec tr\u00ean d\u1eef li\u1ec7u c\u1ee7a b\u1ea1n<\/h2>\n\n\n\n<p class=\"has-normal-font-size\">N\u1ebfu b\u1ea1n c\u00f3 t\u00e0i kho\u1ea3n tr\u00ean tr\u1ea1m n\u00e0y, hay \u0111\u00e3 \u0111\u1ec3 l\u1ea1i b\u00ecnh lu\u1eadn, b\u1ea1n c\u00f3 th\u1ec3 y\u00eau c\u1ea7u \u0111\u1ec3 nh\u1eadn \u0111\u01b0\u1ee3c file \u0111\u01b0\u1ee3c xu\u1ea5t ra v\u1ec1 d\u1eef li\u1ec7u c\u00e1 nh\u00e2n ch\u00fang t\u00f4i gi\u1eef v\u1ec1 b\u1ea1n, bao g\u1ed3m b\u1ea5t k\u00ec d\u1eef li\u1ec7u n\u00e0o b\u1ea1n \u0111\u00e3 cung c\u1ea5p cho ch\u00fang t\u00f4i. B\u1ea1n c\u0169ng c\u00f3 th\u1ec3 y\u00eau c\u1ea7u r\u1eb1ng ch\u00fang t\u00f4i xo\u00e1 m\u1ecdi th\u00f4ng tin c\u00e1 nh\u00e2n ch\u00fang t\u00f4i gi\u1eef v\u1ec1 b\u1ea1n. \u0110i\u1ec1u n\u00e0y kh\u00f4ng bao g\u1ed3m b\u1ea5t k\u00ec d\u1eef li\u1ec7u n\u00e0o ch\u00fang t\u00f4i c\u00f3 ngh\u0129a v\u1ee5 ph\u1ea3i gi\u1eef cho c\u00e1c m\u1ee5c \u0111\u00edch h\u00e0nh ch\u00ednh, ph\u00e1p l\u00ed, hay an ninh.<\/p>\n\n\n\n<h2 class=\"wp-block-heading\" style=\"font-size:22px\">N\u01a1i ch\u00fang t\u00f4i g\u1eedi d\u1eef li\u1ec7u c\u1ee7a b\u1ea1n<\/h2>\n\n\n\n<p class=\"has-normal-font-size\">Nh\u1eefng b\u00ecnh lu\u1eadn c\u1ee7a kh\u00e1ch th\u0103m c\u00f3 th\u1ec3 \u0111\u01b0\u1ee3c ki\u1ec3m tra qua d\u1ecbch v\u1ee5 ph\u00e1t hi\u1ec7n th\u01b0 r\u00e1c t\u1ef1 \u0111\u1ed9ng.<\/p>\n","protected":false},"excerpt":{"rendered":"<p>Ch\u00fang t\u00f4i l\u00e0 ai Ch\u00fang t\u00f4i l\u00e0 nh\u1eefng ng\u01b0\u1eddi quan t\u00e2m t\u1edbi vi\u1ec7c ph\u1ed5 bi\u1ebfn c\u00e1c tri th\u1ee9c m\u1edbi v\u1ec1 khoa h\u1ecdc c\u00f4ng ngh\u1ec7 tr\u00ean &hellip; <\/p>\n","protected":false},"author":1,"featured_media":0,"parent":0,"menu_order":0,"comment_status":"closed","ping_status":"closed","template":"","meta":{"footnotes":""},"class_list":["post-6276","page","type-page","status-publish","hentry"],"_links":{"self":[{"href":"https:\/\/science-technology.vn\/index.php?rest_route=\/wp\/v2\/pages\/6276","targetHints":{"allow":["GET"]}}],"collection":[{"href":"https:\/\/science-technology.vn\/index.php?rest_route=\/wp\/v2\/pages"}],"about":[{"href":"https:\/\/science-technology.vn\/index.php?rest_route=\/wp\/v2\/types\/page"}],"author":[{"embeddable":true,"href":"https:\/\/science-technology.vn\/index.php?rest_route=\/wp\/v2\/users\/1"}],"replies":[{"embeddable":true,"href":"https:\/\/science-technology.vn\/index.php?rest_route=%2Fwp%2Fv2%2Fcomments&post=6276"}],"version-history":[{"count":5,"href":"https:\/\/science-technology.vn\/index.php?rest_route=\/wp\/v2\/pages\/6276\/revisions"}],"predecessor-version":[{"id":6419,"href":"https:\/\/science-technology.vn\/index.php?rest_route=\/wp\/v2\/pages\/6276\/revisions\/6419"}],"wp:attachment":[{"href":"https:\/\/science-technology.vn\/index.php?rest_route=%2Fwp%2Fv2%2Fmedia&parent=6276"}],"curies":[{"name":"wp","href":"https:\/\/api.w.org\/{rel}","templated":true}]}}